2840/(-2190))*3/(-217))?
3, 7, 31, 73
Let k(v) = 890*v**2 + 27*v - 46. What are the prime factors of k(-6)?
2, 23, 173
Suppose 0 = 2*n - 30*n + 13*n + 96540. List the prime factors of n.
2, 1609
What are the prime factors of -53 - -52 - -410*(-29)/(-2)?
2, 743
Suppose 0 = h - 4*d - 53, -4*h - 5*d + 76 = -178. Suppose 0 = t - 25 - h. Let i = 209 - t. What are the prime factors of i?
3, 41
Suppose 16*p + p - 357 = 0. Suppose 0 = -h + p - 14. What are the prime factors of h?
7
Let x(u) = -u**2 - 7*u - 5. Let l be x(-13). Let g = 636 + l. List the prime factors of g.
7, 79
Suppose 0 = 21*x + 5*x + 7332. Let d = -72 - x. List the prime factors of d.
2, 3, 5, 7
Suppose 19*f + 12*f = 930. Suppose 27*k - f*k + 285 = -3*u, -u = -5*k + 491. List the prime factors of k.
3, 11
Let v = -19300 - -27188. What are the prime factors of v?
2, 17, 29
Let l(x) = -598*x + 67. Let w be l(-1). Let s = 892 - w. What are the prime factors of s?
227
Let s(b) = b**3 - b**2 - 55*b + 8295. What are the prime factors of s(0)?
3, 5, 7, 79
Suppose 4*q - 68 = 24. Suppose 0 = r - 18 - q. Suppose 0 = s - r - 34. List the prime factors of s.
3, 5
Let v(n) = -n**3 + 7*n**2 + 32*n - 5. Let u(g) = g - 1. Let c(p) = 2*u(p) - v(p). List the prime factors of c(13).
3, 11, 19
Let p = -214 + 585. What are the prime factors of p?
7, 53
List the prime factors of (-4424)/(-13 + (-612)/(-48)).
2, 7, 79
Let l = 14578 - -5955. List the prime factors of l.
20533
Suppose -132 - 93 = 25*d. What are the prime factors of (3/(-3) - d)*(-3645)/(-60)?
2, 3
Let t be 18050/(-10)*3/6*-2. Suppose 0 = 26*q - 21*q - t. List the prime factors of q.
19
Suppose -655*d + 657*d - 187596 = -5*m, -5*d = 4*m - 150053. List the prime factors of m.
2, 73, 257
Let u(q) = q**3 + 47*q**2 + 135*q + 54. List the prime factors of u(-42).
2, 3, 89
Let l be (-24)/9*(-27)/(-6). What are the prime factors of 6/((-4)/(4768/l))?
2, 149
Let s be (-1349)/(-76) - 2/(-8). What are the prime factors of s/3*(-21)/(-6)?
3, 7
Let l = 14838 - 9545. List the prime factors of l.
67, 79
Let u(v) = v**2 + 8*v + 14. Suppose -30 = 15*y - 10*y. Let w be u(y). Suppose -w*g - 76 = -234. What are the prime factors of g?
79
Let y = -17 + 47. Let q be 12/y + (-56)/(-10). Suppose -44 = -q*c + 52. What are the prime factors of c?
2
Let x = 21036 - 10477. List the prime factors of x.
10559
Let u(d) = d**2 - 3*d - 2. Let g be u(-2). Let p(h) = 81*h**2 - 31*h**2 - 29*h**2 + 7*h + h**3 - 29*h**2 - 3 + 14. List the prime factors of p(g).
67
Let x be (-1)/(-3 - 87/(-30)). Suppose 0 = -23*s + 25*s - x. Suppose s*c - 3*c = -5*b + 671, 3*b + 3*c - 408 = 0. What are the prime factors of b?
7, 19
Let w(n) = -n**3 - 18*n**2 + 103*n + 193. What are the prime factors of w(-32)?
47, 239
Let g be -1 + (6 - 7) + 12. What are the prime factors of (3 - 1) + (976 - g)?
2, 11
Suppose 15*j = 5*j + 100. Suppose 0 = j*f + 96 - 596. List the prime factors of f.
2, 5
Suppose -144*g - 8943 = -2*f - 145*g, 3*f = 2*g + 13425. List the prime factors of f.
3, 7, 71
Suppose 3*r + 15 = 0, -3*o - 4*r = -8*r - 32378. What are the prime factors of o?
2, 5393
Suppose 129 = -q + 138. Suppose -q*u - 6*u = -16935. List the prime factors of u.
1129
Let p be -2*(5 - 2)/(-3). Suppose 2*i = -p*k + 533 - 127, 2 = -k. Suppose -2*x + 4*h = 3*x - 363, 3*x + 4*h - i = 0. What are the prime factors of x?
71
Suppose 26 = 3*p + 17. Suppose p*y - y - a - 667 = 0, -5*y + 1660 = -5*a. List the prime factors of y.
5, 67
Suppose 0 = -5*q + 35 - 15. Let x = q + -5. What are the prime factors of -14*(-2 - (x + 2))?
2, 3, 7
Let j(a) = -6*a + 42. Let k be j(7). Let c be k/((-3)/(-1) + -4). Suppose c = 4*s, -67 = -o - 6*s + 3*s. List the prime factors of o.
67
Suppose -12 = 127*i - 121*i. List the prime factors of (-1452 + (0 - i))*(-30)/25.
2, 3, 5, 29
Let p = 0 - -5. Let a = 184 - 182. Suppose -a*m + 124 = -m - 5*z, -490 = -p*m - z. List the prime factors of m.
3, 11
Let k = 27139 - 9431. What are the prime factors of k?
2, 19, 233
Suppose -w + 2*w + 3*j = 23, -4*j = 12. Suppose -x = 4*v + 233, 3*v + 5*x = 4*v + w. What are the prime factors of -4 + 12/4 + v/(-1)?
2, 7
Suppose -y + 5*y = 48. Suppose 0 = -5*k + 2*w + y, -2*w - w = k - 16. Suppose k*r = -95 + 311. List the prime factors of r.
2, 3
Let v be 2*1/(2/3). Suppose 460 = f + h, -2*f + 1081 = -v*h + 141. List the prime factors of f.
2, 29
Suppose 3*z - 607 = -c + 10338, 3*c = -4*z + 32860. List the prime factors of c.
2, 5, 137
Let p(i) = i**3 + 9*i**2 - 3*i + 10. Let k be 2*(-4)/(-8) + 1*-11. Let d be p(k). Let l = 97 - d. What are the prime factors of l?
157
Let l(a) = -3*a**3 - a**2 + 1. Let u be l(-1). Suppose -21 = 5*n - 51. What are the prime factors of 5*(n/u - (-34)/2)?
5, 19
Suppose -9*o - 450 = o. What are the prime factors of (-6060)/(-16) - o/36?
2, 5, 19
Let v be 2/(1/(-6)*-4). Suppose 4 = -k + v*k. Suppose -2*n - 42 = -2*s, k*s - 5*n = -s + 67. What are the prime factors of s?
19
Suppose 145*v = 155*v - 22170. Suppose v = 4*x + 257. What are the prime factors of x?
2, 5, 7
Let t = 32609 - -13056. What are the prime factors of t?
5, 9133
Let b(o) = -45*o**3 - 6*o**2 - 16*o - 12. What are the prime factors of b(-4)?
2, 709
Suppose -49*u = -84755 - 82433. What are the prime factors of u?
2, 853
Let b be 182/6 - 1/(5 + -2). What are the prime factors of (-20)/b - 22360/(-24)?
7, 19
Let c(l) = 7*l**2 - 11*l - 2. Let z be c(-2). Suppose -24*u - 12888 = -z*u. What are the prime factors of u?
3, 179
List the prime factors of (-29851 - -12)*(-6)/(-30)*-5.
53, 563
Suppose -102 = 6*l - 12540. Suppose -10*m - l = -6773. Suppose 5*w - m = -0*w. List the prime factors of w.
2, 47
Suppose 4*x = -3*y, 0 = y + x + x. Let d(b) = b**3 + 358. What are the prime factors of d(y)?
2, 179
Suppose 0 = 5*i + 43 - 18. Let b(o) = -107*o - 18. Let f be b(i). Suppose f = 5*u - 283. What are the prime factors of u?
2, 5
Suppose -51*i + 144 = -15*i. Suppose -3*t = -i*l + l - 2406, 4*l = -8. What are the prime factors of t?
2, 5
Suppose -3*f + 161410 = y, 132643 = 4*f + 2*y - 82567. What are the prime factors of f?
3, 5, 17, 211
What are the prime factors of -5*(-7 + 7456/(-40))?
967
What are the prime factors of (-1)/(-6) + (-9)/(-108)*56206?
2, 1171
Let r(k) = k**3 + 25*k**2 - 53*k + 25. Let f be r(-27). Let t(v) be the third derivative of 7*v**5/15 + v**4/12 + v**3/3 - v**2. List the prime factors of t(f).
2, 5, 11
Let b(a) = 3*a**3 - a**3 + 56 - 2*a - 12 - a**3 - 20*a**2. Let z be b(20). Suppose m + 4*c - 213 = 0, -3*m + z*c = 153 - 712. What are the prime factors of m?
193
What are the prime factors of (-96435)/((-35 - -21) + 11)?
3, 5, 2143
Let h be (57/19)/((-1)/(-1)). Let r = h - -2. Suppose 0 = -7*t + 2*t - r*l + 610, 0 = -3*l - 3. What are the prime factors of t?
3, 41
Let s be (-5302)/(-8) + 47/188. Suppose -3*c - 827 = -t, 4*t - 2631 - s = 5*c. List the prime factors of t.
821
Suppose -4*n = 5*j - 5*n - 140, 4*n - 107 = -3*j. Let f = j - 19. What are the prime factors of ((-12)/f)/(((-78)/580)/13)?
2, 29
Suppose -5*i - 10 = 0, 3*i + 546 = -6*n + 2*n. Let h = 380 - n. What are the prime factors of h?
5, 103
Let d(c) = c**3 - 16*c**2 + 23*c - 6. Suppose 87 = 5*a + 3*y, -24*a + y + 26 = -22*a. List the prime factors of d(a).
2, 3, 19
Suppose 2*s - s = 0. Suppose -4*b + t + 1057 = s, -4*b + b = 5*t - 764. Suppose -21 - b = -4*m. List the prime factors of m.
71
Let h = 6402 + -3933. List the prime factors of h.
3, 823
Let l(s) = -2*s**3 - 110*s**2 + 133*s + 51. List the prime factors of l(-57).
2, 3, 911
Let g(o) = 2*o**3 + 9*o**2 - o - 8. Suppose h + h - 3*x = -14, 20 = -3*h + 4*x. Let f be g(h). List the prime factors of ((-16)/(f/(-3)))/((-2)/(-19)).
2, 19
Let c(v) = -v**3 + 2*v**2 + 20*v + 239. Let k be c(0). Suppose k = 30*o - 1921. What are the prime factors of o?
2, 3
List the prime factors of 28136 - -100 - (-13 + 5 + -2).
2, 29, 487
Suppose -19*w + 5*q = -14*w - 14460, 3*q - 8718 = -3*w. What are the prime factors of w?
13, 223
Suppose l + 44 = -4*o, -5*o = -2*l + 7*l + 175. Let q = l - -36. Suppose -2*p = q*t - 0*p - 438, 0 = -5*t - 4*p + 552. What are the prime factors of t?
2, 3
Let i(r) = -r**2 - 28*r + 18. Let l be 1 - 27 - 18/(-6). Let x be i(l). Let s = x + 16. What are the prime factors of s?
149
Let u be ((-33)/9 - -4)*12. Suppose u*r = -8*r